tor of p and 9?
9
Let o(k) = 41*k + 42. Let g be o(5). Let i = g - 169. What is the highest common factor of i and 104?
26
Let r(i) = -34*i + 2. Let x be r(-3). Let y(p) = -3*p**2 - 44*p - 52. Let o be y(-13). What is the highest common factor of o and x?
13
Suppose f - 85 = 5*w, -12 = 4*f + w - 289. Let q be (f/28)/((-2)/(-4)). What is the highest common factor of q and 60?
5
Let u be (-32)/8 + -1 + 4. Let j(p) = -p**2 - 4*p - 2. Let q be j(u). What is the greatest common divisor of q and 8?
1
Suppose 2*t = -5*p + 15, 0 = 5*t + 2*p + 2 - 8. Suppose t = -4*s + 42 - 10. Calculate the highest common divisor of s and 32.
8
Let h = -4867 - -4927. What is the greatest common factor of 4800 and h?
60
Let d(v) = -1. Let y(z) = -7*z + 27. Let q(w) = 3*d(w) - y(w). Let s be q(10). Suppose -8 = 3*h - 4*h. What is the highest common divisor of h and s?
8
Suppose -3*t = -282 - 3699. Suppose t = 6*a + 307. What is the highest common divisor of a and 10?
10
Suppose -5*s + 1638 = s - 3*s. Calculate the greatest common factor of s and 208.
26
Suppose 5*v - 265 = -3*q - 1, -q + v = -72. What is the greatest common factor of q and 507?
39
Let l = -541 + 560. What is the highest common divisor of l and 247?
19
Suppose 0 = -5*w + 28 + 37. Let z be -1 + (5 - -2) - 18. Let g be (-3)/z - 4568/(-32). What is the greatest common divisor of g and w?
13
Let d = 2156 - 1212. Suppose -r + 13*z + 948 = 9*z, r - d = 2*z. What is the highest common divisor of 47 and r?
47
Let n(j) = -63*j + 946. Let p be n(12). Let k = -350 + 825. Calculate the highest common divisor of p and k.
95
Let p(r) = 4*r**3 + 32*r**2 - 38*r - 346. Let c be p(-7). Calculate the highest common divisor of c and 820.
4
Let i be (-2)/6 + (-1168)/(-48). Suppose -5*d = l - 48, -2*l - i*d + 19*d = -106. Calculate the greatest common factor of l and 406.
58
Let o = -5033 - -5047. Calculate the highest common divisor of 1561 and o.
7
Let v(x) = x**3 - 3*x**2 - 5*x + 12. Let g(m) = 19*m - 90. Let r be g(5). Let q be v(r). Calculate the greatest common divisor of q and 2.
1
Let v = -230 + 230. Suppose -3*t - 11 = -u, v = 5*u + t - 2*t - 13. What is the highest common divisor of u and 6?
2
Let w = 2598 + -2210. What is the greatest common divisor of w and 97?
97
Let g(m) = -2*m**3 + 5*m**2 - 2*m + 1. Let u be g(5). Let c = -90 - u. Suppose -659*r + 36998 + 1347 = -5149. What is the greatest common factor of r and c?
22
Suppose -599 = -7*j + 5*h, -h + 241 = 22*j - 19*j. What is the greatest common divisor of 7585 and j?
41
Suppose 0*c + 6 = 2*c. Suppose -6*r + 2*r - 56 = 0. Let v(y) = y**3 + 16*y**2 + 27*y + 13. Let d be v(r). What is the highest common divisor of d and c?
3
Let s(m) = -2*m**3 - 2*m**2 + 29*m + 160. Let c be s(-5). What is the highest common factor of 301 and c?
43
Let z = 117 - 93. Suppose 5*l - 24 - 21 = 0. Let u be (-3)/l*-8*27. What is the greatest common factor of z and u?
24
Suppose 0 = -2*o + 5*x + 79, 7*o - x - 112 = 4*o. Let g = 48 - o. What is the greatest common divisor of 1 and g?
1
Let w(d) = d**3 + 8*d**2 - 11*d + 9. Let h be w(-9). Let f = h + 68. Let i = 43 - 24. Calculate the highest common divisor of i and f.
19
Let r = -108 - -113. Suppose -9 = 3*v, 9*s - 3*v + 716 = 14*s. What is the highest common factor of s and r?
5
Let a be (-164)/(-8) - 5/(-10). Suppose m + 4*r + a = -11, 5*r = 3*m + 79. Let v = m - -56. What is the greatest common divisor of v and 8?
4
Let h(p) = 24*p**2 - 45*p + 654. Let g be h(8). What is the highest common divisor of 130 and g?
10
Let f be (-12)/(-1)*(-21)/(-6). Let a(r) = 4*r**2 + 936*r + 20958. Let z be a(-24). What is the highest common divisor of f and z?
42
Let f(c) = c**3 - 8*c**2 + 4. Let v be f(8). Suppose -20 = -v*b + 4. Suppose s - 1 = b. Calculate the highest common factor of 7 and s.
7
Let v(a) = 4*a + 48. Let y be v(-11). Let g = 7 - 4. Let n be (1842/y)/g - 6/12. Calculate the greatest common factor of n and 17.
17
Suppose -16*g - 56 = -88. Let f = g - -412. Calculate the greatest common factor of 9 and f.
9
Suppose 104*n - 185380 = -26*n. What is the highest common divisor of n and 372?
62
Let c(n) = 680*n - 5371. Let w be c(8). Calculate the highest common factor of w and 5451.
69
Let a = 357 + -159. Suppose -172 = -11*v + 26. What is the greatest common factor of v and a?
18
Suppose -69 = -3*s - 5*q + 86, -139 = -4*s + 3*q. What is the greatest common factor of s and 2624?
8
Let x = 5777 + 3167. What is the greatest common factor of 208 and x?
208
Suppose -12*n + 55 = -257. Calculate the highest common factor of 1352 and n.
26
Let i(z) = 24*z - 12. Let k be i(3). Suppose 3132 = -k*v + 78*v. What is the highest common factor of v and 435?
87
Let l(h) = 2*h**2 + 126*h + 2820. Let f be l(-42). Calculate the highest common factor of f and 1419.
33
Let z be (2/3)/((-98)/(-12789)) + 5. Calculate the highest common divisor of 1219 and z.
23
Let d(r) = -23*r**3 + 4*r**2 - 2*r - 1. Let x be d(2). Let p = 582 - 860. Let f = x - p. Calculate the greatest common divisor of f and 15.
15
Suppose 3*o + 2320 = 8*o - 4*a, -2*o + 951 = 3*a. Let n(i) = i**3 - 56*i**2 - 140*i + 1410. Let b be n(58). What is the greatest common divisor of o and b?
18
Let v = 2976 - -2141. Calculate the highest common divisor of 85 and v.
17
Suppose 2*k + 2 = 8. Suppose 6 = 3*r, 2*a - 2 - 10 = k*r. Suppose -a*i + 6*i = -3. Calculate the highest common factor of i and 5.
1
Let l be 14 - (-13)/(208/9376). Calculate the highest common divisor of l and 850.
50
Let x be (210/27 - -1) + 68/(-18) + 4. Suppose -34 = -2*y - h + 3*h, 5*y = -h + 91. Calculate the greatest common divisor of x and y.
9
Suppose -8 = 4*a, 1590 = 9*j - 5*j - 3*a. What is the greatest common factor of j and 27?
9
Suppose 0 = -8*u + 65 + 207. Suppose u*a - 81 = 31*a. Suppose 1147 = 14*v + a. Calculate the greatest common factor of 32 and v.
16
Suppose 3*g - 65 - 85 = 12. What is the greatest common divisor of g and 2862?
54
Suppose 117*f + 62 = 119*f. Calculate the greatest common factor of 589 and f.
31
Let x be 38/(-14) - (-2)/(-7). Suppose -2150 = -54*p - 2*p - 30*p. Let t = x + p. Calculate the highest common factor of 22 and t.
22
Let a = -90 + 96. Suppose -a*f + 10*f + 272 = 0. Let r = f + 88. What is the greatest common factor of r and 30?
10
Suppose -6*c + 2 = 14. Let s be (0/(4/(c + -2)))/(-2). Suppose -44 = -o - s*o. What is the greatest common divisor of 396 and o?
44
Let z be (-13)/(14 + (-1206)/90 + (-8)/5). Let n = 225 + -134. Calculate the greatest common factor of z and n.
13
Suppose 0 = -14*r - 15*r + 29. Let i be ((12/21)/r)/(10/35). Let v(o) = 2*o - 5. Let s be v(5). Calculate the highest common factor of i and s.
1
Suppose -4997 + 1682 = -17*b. Let f = b - 89. Calculate the greatest common divisor of f and 106.
106
Let t be (18/(-10))/(1*18/(-60)) - 4. What is the highest common divisor of 2342 and t?
2
Let v(p) = 59*p + 303. Let o be v(-5). Suppose -y - 3*i + 46 = 0, -2*y + 3*i = y - 114. Calculate the highest common divisor of o and y.
8
Suppose 4*x - 237 = -p, -14*p + 9*p = -2*x + 135. What is the greatest common factor of x and 4240?
20
Let f be -1*(0 - (4 + -5)*-1). Let j(k) = 33*k - 19. Let p be j(f). Let o = 832 + -594. What is the highest common divisor of p and o?
14
Suppose -s + 255150 = 47*s - 6*s. Calculate the highest common factor of 3 and s.
3
Suppose 125*v - 172*v = -95598. What is the highest common factor of v and 18?
18
Suppose 559 = -34*y + 899. Calculate the highest common factor of y and 7295.
5
Let g = 4 - 111. Let j = -91 - g. Let b be 1*(-1 - -2)*8. What is the highest common factor of j and b?
8
Suppose -15*l = -12128 - 367. Calculate the greatest common divisor of l and 102.
17
Let k = -422 + 501. Suppose 3*j - k = -d, -d + 4*j = 3*d - 300. Calculate the highest common divisor of 57 and d.
19
Let p(l) = 4*l**2 + 187*l + 268. Let c be p(-48). Calculate the greatest common divisor of 7493 and c.
127
Let m(g) = 6756*g**2 + 12*g + 16. Let l be m(-1). What is the greatest common divisor of 104 and l?
104
Let s = -412 + 434. Suppose -6*u = s - 28. What is the greatest common factor of 2 and u?
1
Suppose 8 = 2*t + 2*d, 3*t + t - 5*d - 25 = 0. Suppose -44*i - 50*i = 0. Suppose i*k = -t*k + 30. What is the greatest common divisor of k and 12?
6
Let c(u) = -2*u**3 -